 value of (-1 - -11) + (60 - 81)?
-11
What is the value of 12 + -2 + -2 + 3 + -10 + 6?
7
Evaluate -19 + 3 + 2 + -1 + (29 - 33).
-19
Calculate -5 - 19 - -3 - (-4 - (-2 + 2)).
-17
What is 32 + -38 + -25 + 12 + (-4 - -3)?
-20
Evaluate -13 + 0 + 2 + 20.
9
What is the value of -16 - -14 - -27 - 10?
15
Calculate -4 - (1 + 18 + 9 + -17).
-15
What is the value of 6 + 7 + (22 - 13 - -6)?
28
(-3 - -4) + -9 + 8 + -3
-3
1 + 6 + (2 - (3 + 11)) - 4
-9
What is the value of -10 + (-26 - (8 + -20)) + -3?
-27
What is -1 + 2 + (12 - 16)?
-3
What is the value of 0 - (-22 + 15 + 6 + (-12 - 3))?
16
-4 - (-14 + 6) - -8
12
-211 + 246 - ((5 - 1) + 3)
28
Calculate 1269 + -1296 + (2 - -1).
-24
Evaluate (-42 - -9 - -11) + 30.
8
What is (194 - 196 - (0 + 1 + -1)) + 14?
12
What is -7 - (-27 + 29 - (2 + 1))?
-6
What is the value of 17 + -30 + 15 - -9?
11
Calculate -6 - -25 - (98 + -82).
3
-2 + (24 + -9 - 20 - (-5 + 1))
-3
Calculate 8 + -2 + (-11 - 1) - 10.
-16
18 + -30 - (3 + (-4 + -2 - -3))
-12
Calculate 10 + (-7 - 21) + 31.
13
What is (2 + -15 + 13 - -8) + -5 + -1?
2
Calculate (35 - (4 - -23)) + (2 - -1) + -24.
-13
What is the value of 19 - (5 - 1 - 10 - (-2 - 8))?
15
Evaluate 0 - 7 - (-10 + (14 - 6)) - 6.
-11
What is the value of 11 + 2 + 7 - (7 - -6)?
7
-2 + 0 - (-4 + -23 + 13)
12
Evaluate 51 - 16 - (16 + 27).
-8
What is the value of -14 - (26 + -14 - 19)?
-7
Calculate 14 + 10 + (-14 - 3) + (1 - -7).
15
-7 + -1 - (-207 + 198)
1
Calculate 4 + (0 - 0) + 3 + 21 + -18.
10
Calculate -9 - (-16 + (8 - 8) - 10).
17
Evaluate (-2 - (-10 + -2)) + 4 + -23.
-9
What is the value of 42 - (-29 + 61) - (18 - 1)?
-7
What is 4 + -32 + (-19 - -30) - -7?
-10
145 + -145 - (17 + 1)
-18
(10 - (32 - 6)) + (-3 - -10)
-9
What is the value of -28 - -14 - -24 - -9?
19
Calculate -127 + 131 - (0 + 5 - -1).
-2
16 - -6 - 13 - -4
13
Evaluate -9 - ((0 - 8) + 12 + (3 - 14)).
-2
Evaluate 31 + -68 + 20 - 6.
-23
What is the value of -2 + 18 + -12 + 19 + -12?
11
(8 - 19) + 15 + 6
10
What is the value of -9 - (-9 - (-16 - -13))?
-3
Calculate 4 - (-6 - (3 - (-2 + 7))).
8
-4 - (-2 - (-11 - -10))
-3
What is -10 - (0 + 2 + -11 - -10)?
-11
What is -4 - 2 - (-13 - 0)?
7
Evaluate 1 + 6 - (-41 - (-15 - 26)).
7
9 + 12 + 7 - 18
10
16 + (0 - (15 - (1 - -12)))
14
What is -70 - -24 - -69 - 29?
-6
What is the value of (2 + 19 - 0) + (-2 - 0)?
19
What is the value of 4 - (12 - (-6 - -7))?
-7
What is the value of -3 + 1 + (-351 - -348) + -12?
-17
Calculate (-19 - (-5 + -12)) + 7 + 2 + -13.
-6
Evaluate (-46 + -4 - -31) + 10 + 1.
-8
What is the value of 0 - (-1 - (-7 - (7 + -10)))?
-3
Calculate 24 + -12 - 6 - (-4 - 1).
11
(-3 - -22) + -15 - -6
10
Evaluate -11 - (-33 + 23 - 7).
6
-31 - (-4 + -3 + -16)
-8
What is -4 - (-6 + 2 + 1 + -1)?
0
Calculate (6 - -17) + -18 - (-2 + 15).
-8
31 - 38 - -8 - (-2 - -19 - -1)
-17
Calculate -8 + (30 - 40 - (0 - 2)) + -3.
-19
What is 25 + (1 - 9) - (-7 - -12) - 20?
-8
-46 + 20 + (-10 - 2 - -5)
-33
What is the value of 13 + (-23 - 4) + -16 - (-9 + 2)?
-23
-2 + (10 - (-2 - 6 - -19))
-3
Calculate -25 + (6 - 5) + (-1 - (-1 - 6)).
-18
-10 + 3 + (-8 - -6 - -4)
-5
(-9 + 16 - 30) + 23
0
(1 - 4) + 36 + 7 + (1 - 6)
35
Calculate 107 + -124 - (5 + -37).
15
-27 - -33 - (0 - -3) - 6 - -1
-2
Calculate -7 + 23 + -1 + (-6 - 1).
8
What is -1 - (3 - 8 - -11)?
-7
(-4 + (5 - 3) - -4) + 14 + -14
2
-2 + 2 + (-5 - -21) + 6
22
3 - (1 - -11 - (-5 - -9 - 9))
-14
What is 17 + -16 + (3 - 10 - (-1 - 3))?
-2
(31 + -50 - -28) + 2
11
Calculate (14 - (5 - 1)) + (17 - (7 + 2)).
18
Evaluate 0 + 17 + (-14 - -5 - -5).
13
Evaluate (5 - 0) + (-26 - (-9 - 19)).
7
Calculate 3 + 3 + 16 + -6 - 4.
12
What is -42 - (37 - (27 - -16))?
-36
Calculate -6 + (18 - (4 + 1) - -2) - 13.
-4
-14 + (-5 - -20) - (-2 - -4)
-1
Evaluate -136 + 165 + -58 + 4.
-25
Calculate -12 + 0 + -4 + 20.
4
What is 11 + 10 + (-5 - (1 + 9))?
6
Calculate 0 + -6 - (139 - 106).
-39
-17 + -10 - -20 - -15
8
What is the value of 5 + (9 - 11 - 6) + -10 + 1?
-12
Evaluate -7 - (8 - (-7 - -22) - 8).
8
Evaluate 20 + -37 + (9 - -10) + 24.
26
What is the value of 5 - ((-9 - (6 + 2)) + 0)?
22
Calculate 7 - (-2 + -1) - (68 - 51).
-7
Evaluate -38 + 32 + (-4 + 2 - -8).
0
-3 + (13 - 9 - 9)
-8
What is the value of 2 + -3 - 8 - (4 + -11)?
-2
Calculate -22 - (-2 - 33) - 16.
-3
8 + -8 + (-3 + (-5 - -20) - 2)
10
(21 + -8 - 5) + -10
-2
-103 + 96 - (4 - -2)
-13
Calculate (-34 - -33) + -6 - (16 - 1).
-22
23 - (4 + 50) - -27
-4
What is -25 + 22 + (-3 - -18)?
12
Calculate -15 + -2 - -24 - (-21 + 3).
25
What is 0 + (0 - -1) + (-8 - -49 - 37)?
5
What is the value of (-3 - 6) + (-36 - -34) - -10?
-1
What is -216 + 231 - (2 + 17)?
-4
Evaluate 2 + -2 + 1 + -1 - (-6 - -9).
-3
Calculate -5 + 1 + 0 - (-5 + (3 - -5)).
-7
Calculate 6 - (51 + -41 + -8).
4
What is (-3 + 7 - 10) + 24 + 3?
21
Calculate 9 + 1 + 1 - -9.
20
Calculate (16 - (-10 + (-8 - -12))) + 4 + 3.
29
What is the value of (-2 - 27) + -5 + 18 + (-36 - -32)?
-20
What is the value of 51 - 27 - 27 - (24 - -2)?
-29
What is (-14 - -7 - (7 + -5)) + 11?
2
Calculate -68 + 80 - ((2 - -1) + 0).
9
Calculate (-1 + 2 + 0 - 4) + (26 - 30).
-7
What is the value of -8 - (11 - 22 - (-30 + 2))?
-25
Calculate -19 - -16 - -19 - 4.
12
Evaluate (1 - -7) + -9 + (-4 - (-7 - -4)).
-2
Calculate -11 - (2 - 0) - (97 - 100).
-10
What is the value of -16 - 1 - (15 - 5 - 15)?
-12
-91 + 126 + -18 + 1 + 0
18
What is the value of 24 - (-24 + 0 + 47)?
1
Calculate 5 - (-11 - ((-23 - -6) + -7)).
-8
What is the value of (6 - 5) + -19 + (10 - 4)?
-12
Calculate -19 - (6 - 30) - ((3 - -13) + 1).
-12
Evaluate 15 + (-7 - (-11 + -1)).
20
What is the value of 5 - (-2 + (-6 - 11) + 9)?
15
Evaluate (49 - 67) + 15 + 4 - -4.
5
What is -4 + -25 + (22 - -7)?
0
Evaluate (-12 - -47 - 30) + -11 + 1 + 0.
-5
11 + -7 - -14 - 7
11
Evaluate (-328 - -331) + (-6 - 0 - 0).
-3
Calculate (-10 - (3 + -16)) + -6 + 1.
-2
What is -10 + -1 - (-1 - 4)?
-6
Evaluate -14 + 10 + (8 - 28).
-24
What is (18 - 35) + -6 + 19?
-4
-20 + -19 + 30 + -7
-16
Calculate -32 + (14 - 13) + 20.
-11
(-3 - 24) + (23 - 13)
-17
Evaluate -8 - (13 + (-11 - -12) + -1 + -11).
-10
What is (98 - 97) + -1 + -11 + 2?
-9
-82 - -74 - (2 - 17) - 8
-1
17 - (7 - (9 + -27 - -12))
4
1 + -1 + -40 + -795 + 814
-21
1 + 3 + 18 - 14
8
(-2 + -3 - -11) + -17 + 6 + 12
7
What is 17 + (-11 - 5) - 2?
-1
What is the value of 21 - 13 - 9 - 37?
-38
Evaluate -3 - (3 - 4) - 12 - -4 - 2.
-12
-25 + 5 + 3 + 5
-12
Calculate 3 + -3 + 1 + -37 + (28 - 2).
-10
What is the value of 11 + (-25 - 0) - -23?
9
Calculate -17 + 6 + 2 + -1.
-10
-37 - (-34 + (22 - 2))
-23
What is (10 + -7 - -1) + 1?
5
Calculate -2 + -7 + 8 - (-10 + 0 + -3).
12
What is the value of 8 + -2 + 1 - (-40 - (25 + -56))?
16
What is 4 + -2 + -3 - (-22 - -17 - -7)?
-3
Calculate -13 - (-3 + 5) - (-468 + 480).
-27
What is -17 + 24 - 26 - -19?
0
Evaluate 1 - (16 - 23 - (-7 - -1) - 10).
12
What is the value of 14 - -3 - (28 + -20)?
9
-6 + -1 + 15 + 1 - (3 + 4)
2
What is the value of -1 + 4 - (-45 + 53 + -4)?
-1
What is 13 + -30 + 14 + 7 + -3 + 3?
4
What is -5 + (-5 - (1 - 1)) + (-92 - -103)?
1
Evaluate 6 + 6 + -10 + -8.
-6
Calculate 0 + (-8 - -19) + 2.
13
Calculate ((8 - 7) + -1 - 4) + 6.
2
Evaluate (3 - (5 + -9) - 4) + -10 + 2.
-5
-24 + -12 + 40 + -11
-7
-20 + (-12 - -26) + -6
-12
Calculate (5 - (-21 + 7 - -30)) + 40.
29
Evaluate (21 - (-7 - -14)) + -12.
2
4 + -1 - (-23 - -34 - (-3 + -2))
-13
35 + -21 - -15 - 13
16
What is the value of (16 - 68 - -71) + 7 + -1?
25
What is the value of -10 + (35 - 6 - 15)?
4
Calculate 3 - (5 + -10 + -4).
12
What is the value of -10 - (-18 + 0 - (22 - 17))?
13
Evaluate 2 - (0 + -2 + 1) - (-1784 + 1781).
6
What is the value of (17 + -2 - (80 - 64)) + 3?
2
8 + (-5 - (4 + -7 + 1) - -3)
8
What is 13 + -1 + (9 + -26 + -13 - 4)?
-22
8 - 3 - (20 + (-13 - 22))
20
What is (13 + -8 - -5) + (-34 - -1)?
-23
(1 - -3 - 1) + (20 - 27) + 28
24
What is the value of 25 - (25 + 24 + -23)?
-1
Evaluate (5 - 1) + -50 + (-12 - -32).
-26
Calculate -2 + 2 - (-15 - -2 - (-7 - 26)).
-20
5 + (9 - 10 - -14) - (2 - 3)
19
What is 93 + (23 - 110) + 0 + -31 + 1?
-24
Evaluate -17 + 9 - (-38 + 13 + 1).
16
What is the value of 23 + -13 + 0 - (-18 + 6)?
22
What is the value of -3 + -2 - (-3 + 12 + -13)?
-1
What is 16 + (0 - (13 - 8))?
11
What is the value of 2 - 19 - (-18 - -8)?
-7
Evaluate 13 - 7 - (-2 - (-2 - (-1 - -